
Let d = 79 - 55. Suppose 0 = 3*j - 12 - 24. Calculate the highest common factor of d and j.
12
Suppose 12 - 96 = -2*r. Calculate the highest common divisor of r and 63.
21
Let n = -9 - -14. Suppose f + 43 = 3*f - a, f - n*a = 17. Calculate the greatest common factor of f and 88.
22
Let p = 11 + -5. Let f be ((-6)/(-9))/(p/117). Calculate the greatest common divisor of 52 and f.
13
Let o = 125 - 62. Calculate the highest common divisor of 21 and o.
21
Suppose 2*g = -2*g + 20, -4*g - 15 = -d. Calculate the greatest common divisor of 245 and d.
35
Suppose -r - r = 6. Let j be 1/r - (-3276)/27. What is the highest common divisor of j and 11?
11
Let c be -2*((-21)/(-6) - 1). Let o be (-3 - c)*1 + 5. Let q = 29 - 15. Calculate the highest common factor of o and q.
7
Suppose -8*c + 288 = -4*c. Suppose -c = 2*q - 5*q. Suppose -5*b + g + 23 = 0, 5*b - 2*g + 3 = q. Calculate the greatest common divisor of 25 and b.
5
Let t be (-38)/(-8) - 4/(-16). Suppose 4*p - 11 = t. What is the greatest common factor of p and 28?
4
Suppose -5*q + 6 = n, 75 = 3*n + n + 3*q. What is the highest common factor of n and 7?
7
Let v = -2 + 19. Let n(g) = 4*g**2 - g - 2. Let c be n(-1). Let q be (c - 2 - -185) + 1. What is the highest common factor of v and q?
17
Let q = -29 - -36. What is the greatest common divisor of 28 and q?
7
Let w = 187 - 7. Suppose -3*m + 17 = -2*j, -2*m - j - 7 = -3*m. Suppose 0 = -0*b + m*b - w. Calculate the greatest common divisor of b and 24.
12
Let w = 48 - 0. Suppose -4*h = -f - 0*h + w, -3*f - h + 105 = 0. What is the highest common factor of 24 and f?
12
Suppose -2*m + 14 = 5*a, 0 = 3*a - 4*a. Calculate the greatest common divisor of 14 and m.
7
Let c(z) be the second derivative of -1/6*z**3 + 1/20*z**5 + 2*z + 0 - 5/2*z**2 + 7/12*z**4. Let u be c(-7). What is the greatest common factor of u and 6?
2
Let n(k) = k**2 - 2. Let c be n(2). Let s = -13 - 9. Let i = s + 40. What is the highest common factor of c and i?
2
Let j(v) be the third derivative of -23*v**4/8 - v**3/6 + 2*v**2. Let k be j(-1). Suppose 4*g - k + 12 = 0. Calculate the highest common factor of 35 and g.
7
Suppose a - 25 = -2*o + 6*a, -4*a = 2*o + 2. Suppose 0 = -c + 6 - o. Suppose 2*i + 6 = -2*i + 5*s, 3*i - c = s. Calculate the highest common divisor of i and 3.
1
Suppose -5*p + 11 = -14. What is the greatest common factor of p and 5?
5
Let u be 2/(-1 + 6/4). Calculate the highest common divisor of 6 and u.
2
Let w be 6*((-8)/3 + 0). Let h = w - -26. Calculate the highest common divisor of 50 and h.
10
Let l be 60 + (3 - 11) + 4. Calculate the highest common divisor of l and 14.
14
Suppose 41 = 2*u - 7. Let s = -15 + u. Let t = 19 - s. What is the highest common divisor of t and 60?
10
Suppose 0*a = -a - 2. Let t be (-2)/a + -1 + 24. Calculate the greatest common factor of 16 and t.
8
Suppose -4*c = -2*p + 10, 6*p - 3*p - 4*c = 15. Calculate the highest common factor of p and 2.
1
Suppose -1 + 13 = -3*i. Let z be (304/(-4))/(3 + i). What is the highest common factor of z and 19?
19
Let y = -40 + 56. What is the greatest common factor of 128 and y?
16
Suppose -6 - 10 = -4*l. Calculate the highest common factor of 2 and l.
2
Suppose 0 = -0*b - 5*b + 25. Suppose 49 - 19 = -b*h. Let f be (-15)/(-10)*(-8)/h. What is the highest common factor of 3 and f?
1
Let q(s) = -s + 26. Let x be q(-12). Calculate the greatest common factor of 19 and x.
19
Suppose 0 = -4*c - c - 3*v + 531, -5*c + 3*v + 519 = 0. Suppose -3*d - d = -24. Let m be (d/4)/(1/10). What is the greatest common factor of c and m?
15
Suppose 2*d + 32 = 4*d. Suppose -6 = 2*i - d. What is the highest common divisor of 20 and i?
5
Let i(z) = 10*z**3 + 2*z**2 - 1. Suppose -5*x = d - 9, 2*x - 3*d - 14 = -6*d. Let u be i(x). What is the greatest common divisor of u and 99?
11
Let g(r) = r**3 + 8*r**2 + 7*r + 9. Let z be g(-7). What is the greatest common factor of z and 9?
9
Suppose 3*s + 12 = 5*s. What is the highest common factor of 3 and s?
3
Let u = 9 - 19. Let x be 12/u*(-30)/4. Calculate the greatest common factor of 81 and x.
9
Let f = -70 + 130. What is the greatest common factor of f and 8?
4
Suppose -5*q - v + 147 = 0, 3*q + 4*v - 46 - 32 = 0. Calculate the highest common factor of 3 and q.
3
Let q(o) = -114*o - 3. Let z be q(-1). What is the greatest common divisor of z and 37?
37
Suppose h + 3*m - 5 = 13, 2*h + 3*m = 21. Suppose -t + 155 = q, -2*t + 96 = h*q - 366. Let z be 2/5 - q/(-20). Calculate the highest common divisor of 24 and z.
8
Suppose -8 = -v - 3, c + 2*v - 26 = 0. Let s = c + -9. Let b be 77 - (2 + -2*1). What is the highest common divisor of b and s?
7
Suppose 90 - 6 = 3*h. What is the greatest common divisor of 140 and h?
28
Let i(b) = -b**2 + b + 12. Let l be i(0). Let c(m) = 25*m**3 - m**2. Let s be c(1). Calculate the highest common factor of s and l.
12
Suppose d = k + 9, 2*d = d + 4*k + 24. Suppose d*p = -5*w + 2*p + 328, 0 = 4*w + 3*p - 261. Calculate the greatest common divisor of w and 44.
22
Suppose 3*w = 5*w - 4. Let r = w + 7. Calculate the greatest common factor of 3 and r.
3
Let q(h) = -6*h - 5. Let a be q(-2). Calculate the greatest common factor of a and 7.
7
Let o = -489 + 853. What is the greatest common factor of o and 26?
26
Suppose 7*m + 10 - 24 = 0. Calculate the highest common factor of 2 and m.
2
Let y = -301 + 455. Suppose 18 + 24 = 3*j. Calculate the greatest common divisor of y and j.
14
Let w(r) = -r + 6*r - 2*r - 4. Let z be w(6). Let l be 169/3 + (-1)/3. What is the highest common factor of z and l?
14
Suppose -7*w + 330 = -2*w. Suppose 3*r - 47 = -0*o + o, 0 = 4*r - 3*o - w. What is the greatest common factor of 105 and r?
15
Suppose 6*c - 2*c = 76. Suppose -6*n + 1155 = 3*m - n, 0 = -5*m + 3*n + 1891. Let s = -171 + m. Calculate the greatest common factor of c and s.
19
Suppose 4*u - 69 = -5*i, -5*i = -u - i + 33. What is the greatest common factor of u and 3?
3
Let c be (-1)/(-4) + (-3991)/(-52). What is the highest common divisor of c and 11?
11
Let g(n) = -n + 5. Let u be (-91)/(-21) + (-1)/3. Let c be g(u). What is the greatest common divisor of 2 and c?
1
Let a be 20 + (1 - -1)*-1. Let t = a - -48. Let g = -10 + 16. What is the highest common factor of g and t?
6
Suppose -5 = -2*m + 1. Suppose -m*l - 8 = 4. Let u be (2 + 10/l)*-182. What is the highest common divisor of 13 and u?
13
Let x(d) = d**3 + 6*d**2 - 8*d + 8. Let n be x(-7). Suppose -3*j + 22 = c + 1, -39 = -4*c - 3*j. Calculate the greatest common factor of n and c.
3
Suppose q - 3*r + 3 = 0, -2 = -q - 4*q - 2*r. Suppose 0*c + 9 = -c + 5*v, c + 5*v - 41 = q. Calculate the highest common factor of c and 48.
16
Let q be (2 + 2/(-5))*(-110)/(-44). What is the greatest common factor of q and 16?
4
Let q(z) = 0*z**2 + 4*z**3 - 3*z**3 - 1 - 2*z**2. Let d be q(3). Let m = 6 - 5. What is the greatest common factor of d and m?
1
Let l be 132*(5/(-10) + 1)/1. Calculate the highest common factor of 6 and l.
6
Let u = 1 - -3. Let d be (u - 6)/((-1)/(-5)). Let j be (-634)/d + 6/(-15). What is the greatest common factor of 9 and j?
9
Suppose r + 87 = 3*d, -2*r - 44 - 102 = -5*d. Suppose -3*w + 2*g = -134, 5*w - 4*g - 226 = -0*g. Calculate the highest common divisor of d and w.
14
Let n be 2/6 - 78/18. Let k be 6/n*32/(-6). What is the greatest common factor of 16 and k?
8
Suppose 5*r + 11 = -2*w, -2*w + 3*w - r - 5 = 0. Calculate the greatest common factor of 14 and w.
2
Let b = -81 + 133. Let u be (-1 - (-40)/32)/(2/104). What is the highest common factor of b and u?
13
Let v be 6*(-5)/(45/(-6)). Suppose 0 = -h - v*h. Let l be 40/(-5)*(-1 + h). What is the greatest common divisor of 20 and l?
4
Let x = 10 - 6. Suppose 4 = -4*z + 28. Suppose -j - 5*d = -2*j + z, 4*d = j - 8. Calculate the highest common factor of j and x.
4
Let k(v) = 4*v**2 + v. Let a be k(-6). Let b = 217 - a. Let m = b - 34. What is the highest common divisor of 18 and m?
9
Let x(r) = 7*r**2 - r - 2. Let k be x(2). Let o be (1 - 0)/(3 - 2). Suppose o - 13 = -v. Calculate the greatest common divisor of v and k.
12
Let o(p) = -p + 1. Let c be o(-5). Suppose b = 5*b - 24. What is the highest common factor of c and b?
6
Let m(f) = -f**3 + 3*f**2 + f - 1. Let n be m(3). Let h(r) = 33*r**2. Let y be h(n). What is the highest common factor of 12 an